be (-3)/((-198)/64 - -3). Suppose -y - y = -n. What is the highest common factor of y and 4?
4
Let z(l) = -12*l + 11 - 26 + 4. Let q be z(-8). Suppose 5*h - 4*h - 34 = 0. Calculate the greatest common factor of q and h.
17
Let g = -9 + 11. Suppose -4 = w - g*k, 5*k - 6 = -w + 2*k. Let t = w + 4. Calculate the highest common divisor of t and 16.
4
Let d be 1*11/((-33)/(-126)). Calculate the greatest common factor of d and 462.
42
Suppose -1271 = -5*q + 2*f + f, 0 = q + f - 259. Calculate the highest common factor of 96 and q.
32
Let h(n) = -2*n + 30. Let y be 52/6*(-15)/10. Let c be h(y). What is the greatest common factor of c and 14?
14
Suppose 15 = 3*g, 4*g = -n - g + 19. Let p = 5 - n. Let h = -10 + p. Calculate the highest common factor of 7 and h.
1
Let y be (3/4)/(126/1680) + -7. Calculate the highest common divisor of 38 and y.
1
Let n(q) = 2*q**3 + 4*q**2 - 4*q. Let p be n(3). Suppose 5*t - 11*t = -p. Calculate the greatest common divisor of t and 13.
13
Let q be (4 + -8)*(-8)/(32/66). Calculate the highest common divisor of 12 and q.
6
Suppose 0 = -5*f - 4*l + 6, -2*f + l + 5 + 0 = 0. Suppose k - 7 = f. Suppose 29*v = 63 + 198. Calculate the greatest common divisor of v and k.
9
Suppose -25*p - 354 = -31*p. What is the highest common factor of 767 and p?
59
Let a(u) = -24 - 20*u**2 + 32*u**2 + 30*u - 13*u**2. Let d be a(22). Calculate the highest common factor of 19 and d.
19
Suppose 4*c + 108 = 6*c. Suppose 9*l = 15*l - c. What is the highest common factor of 225 and l?
9
Let k = 1777 + -1696. What is the greatest common divisor of k and 594?
27
Suppose -58 = -3*b + 68. Calculate the greatest common factor of b and 28.
14
Suppose 2*h + 7*j = 3*j + 84, -88 = -2*h - 3*j. Let s(a) = 11*a - 1. Let u be s(1). What is the highest common divisor of u and h?
10
Let j be 67/(-7) + 12/(-28). Let o(x) = x**3 + 9*x**2 - 12*x - 8. Let a be o(j). What is the greatest common divisor of a and 84?
12
Suppose -11*c = -4204 - 2660. What is the greatest common factor of 52 and c?
52
Suppose -4*i + 6 = -2. Suppose 2*j + i*j = 0. Suppose j = -4*z + 60 + 4. What is the greatest common divisor of z and 176?
16
Suppose 72*m - 38380 = 53*m. What is the greatest common divisor of 20 and m?
20
Let z be 160 + 0*2/(-12). Calculate the greatest common divisor of z and 10.
10
Let b(t) = t**2 + t + 3. Suppose 4*r - 2*r = 0. Let x be b(r). Suppose -69 = -d - 57. What is the highest common factor of d and x?
3
Let h = 41 + -39. Let c be (-1)/h*(-7 - 389). Calculate the highest common divisor of 22 and c.
22
Let y = 139 + 68. What is the greatest common factor of 23 and y?
23
Let h = 61 - 57. Suppose -2*p = -5*g - 309 - 32, h*g + 676 = 4*p. Calculate the highest common divisor of 42 and p.
42
Suppose -14*g = -11*g - 120. Calculate the highest common factor of 5 and g.
5
Let v(t) = t**3 - 19*t**2 + 39*t - 40. Let d be v(17). What is the highest common divisor of 195 and d?
15
Let m = 32 + -10. Suppose c - m = 33. What is the highest common factor of c and 5?
5
Suppose 107 = 2*p + 3*d, 6*p + 2*d - 163 = 3*p. Let f be (-15)/(5 - 290/p). Calculate the highest common divisor of f and 33.
11
Suppose 245 - 760 = -3*m + 2*o, m - 4*o - 175 = 0. Suppose -4*k = a - 6*k - 1, 0 = 2*a + 2*k - 26. Calculate the greatest common divisor of a and m.
9
Let n be (-76)/(-1) - (1 - -2). Let k = -16 + n. Calculate the highest common divisor of 38 and k.
19
Suppose 5*n = -0*n + 100. Suppose -60 = -24*g + n*g. Suppose 0 = -3*f, 5*f - g = -5*s - 0*f. Calculate the greatest common factor of s and 21.
3
Let y = 3699 - 1859. What is the greatest common factor of 23 and y?
23
Let j be (-353320)/(-200) - 8/(-20). Calculate the greatest common divisor of j and 57.
57
Let v = -4 - -8. Suppose u - 3*u - 12 = -2*i, -2*i = v*u + 12. Suppose -3 - 45 = -i*b. What is the highest common factor of 3 and b?
3
Let u(f) = -6*f + 7. Let z be u(-4). Let a = 79 - z. Let g = 4 - -2. Calculate the greatest common factor of a and g.
6
Let g(b) = -b**3 - 31*b**2 - 33*b - 58. Let f be g(-30). Calculate the highest common divisor of f and 1568.
32
Suppose 45 = 2*b + 13. Let p(f) = f**2 - 9*f + 15. Let t be p(16). Let j = t + 49. Calculate the highest common divisor of b and j.
16
Let b be 2 - (-2 - (-2 + 25)). Let g be (-6 + 10)*b/2. Let o(m) = m + 15. Let z be o(-9). Calculate the highest common divisor of g and z.
6
Suppose -3*p + 281 = -226. What is the greatest common factor of p and 39?
13
Let j = -531 - -539. Suppose -3*d + 130 - 34 = 0. What is the highest common divisor of d and j?
8
Suppose -2*l - 2100 = -37*l. Calculate the greatest common divisor of 135 and l.
15
Let v be 2/1*(0 - -1). Suppose 0 = 6*c + 17*c - 138. Calculate the greatest common divisor of v and c.
2
Suppose -f - 55 = -5*a, -5*a = -8*a - 3*f + 51. Let n be 1*6 + (1 - 4). Calculate the highest common factor of a and n.
3
Suppose -16*v + 235 + 101 = 0. What is the highest common factor of v and 987?
21
Suppose 0 = -3*n + 122 - 5. Suppose -w + n = -105. Let j be 1/2 - 124/(-8). Calculate the greatest common divisor of j and w.
16
Let o be 2 + (0 - (-3 + 3)). Let m be -3 - (-14)/o - 1. Let h(w) = 2*w**3 + 2*w**2 + w - 3. Let q be h(m). What is the greatest common divisor of q and 9?
9
Suppose 3*l - 97 = -43. Suppose b = o - 0*o + l, -5*o = -10. Calculate the greatest common factor of b and 260.
20
Suppose -u + 3 = 0, -3*l + 8*l = 4*u - 232. Let y be (-4)/(-22) + 448/l. Let w be 2/y - 3249/(-45). Calculate the greatest common factor of w and 9.
9
Suppose 0*w + 4*v + 12 = 4*w, 4*v + 4 = 2*w. Let l be (w + 31)/5 - 2. Suppose -f - l = -50. What is the greatest common factor of 9 and f?
9
Let j(q) = -2*q**3 + 13*q**2 - 7*q + 8. Let v be j(6). Let d = 7 + -1. Let s(f) = 4*f - 2. Let n be s(d). Calculate the highest common divisor of n and v.
2
Let g(u) = -7*u + 124. Let q be g(10). What is the greatest common divisor of 90 and q?
18
Let d be (184/(-12))/((-11)/165). Calculate the highest common divisor of d and 20.
10
Let c(g) = 12*g**2 - 4. Let f(a) = -5*a**2 + a - 1. Let p be f(1). Let z = p + 2. Let v be c(z). Calculate the highest common factor of v and 13.
13
Let l(g) = g**2 - 58*g + 180. Let j be l(55). What is the greatest common factor of 75 and j?
15
Let k = 5 - 8. Let o be k*(-3 - -2)*1. Suppose d = o + 19. What is the highest common divisor of 33 and d?
11
Suppose 2*h + 2*h = -4*x + 28, -2*h + 10 = 0. Calculate the greatest common factor of x and 398.
2
Suppose -15*i + 34*i = 231 + 149. Let a = 280 - 200. What is the highest common factor of a and i?
20
Let d(r) = -r**3 - 7*r**2 - r + 63. Let l be d(-7). What is the highest common divisor of 112 and l?
14
Suppose -12*d + 7*d = -4*y + 163, 0 = -4*d + 3*y - 130. Let o = -36 + 68. Let j = d + o. What is the highest common divisor of 3 and j?
1
Suppose -4973 - 19891 = -42*t. What is the highest common divisor of 16 and t?
16
Let b = 94 + -25. Suppose u = 4*u - b. What is the greatest common factor of 46 and u?
23
Let b be 14/105 - 227/15. Let d = b - -17. What is the highest common divisor of d and 12?
2
Let x(o) = 6*o - 7. Let b be x(5). Let y be 1/(10/1155) - 33/66. What is the greatest common divisor of y and b?
23
Suppose 0 = 2*g - 5*d - 17, -3*g + 4*d = 6*d - 54. Let x(v) = -v**3 + 7*v**2 - 6*v + 12. Let o be x(5). Calculate the highest common divisor of g and o.
16
Let x(s) = -s**3 - 4*s**2 - 4*s + 11. Suppose -2*z + 4 = l + 19, 0 = 3*l - 3*z. Let i be x(l). What is the highest common factor of i and 140?
28
Let z be (12/(-5))/(-4 - (-5502)/1380). What is the greatest common divisor of z and 115?
23
Suppose 0 = 5*s + 5*d + 24 - 94, -s + 2*d - 1 = 0. Let n(b) = 0*b + b + 2 - 3*b + 36*b**2 + 0. Let o be n(1). What is the greatest common divisor of o and s?
9
Let r(b) be the first derivative of 2*b**3 - 3*b**2 - 12*b + 13. Let u be r(6). What is the greatest common factor of u and 24?
24
Let c be ((-14)/6 - -1)*-6. What is the greatest common divisor of c and 2344?
8
Let p = 18 + -13. Suppose -2*n - z + 3 + 3 = 0, 5*n + p*z = 20. Calculate the highest common factor of 1 and n.
1
Let l be 2*(4 - (-9)/(-6)). Suppose 5*t + 387 = l*v + 137, 3*v = -3*t + 174. Suppose -32 = -2*y + 4. Calculate the greatest common divisor of y and v.
18
Let u(o) = -7*o - 26. Let n be u(-4). Let w be 5 + -4 + 0 + 